{"id":20193,"date":"2021-10-22T14:50:05","date_gmt":"2021-10-22T12:50:05","guid":{"rendered":"https:\/\/font-romeu.fr\/hebergements\/aire-de-camping-car\/"},"modified":"2022-09-27T10:24:54","modified_gmt":"2022-09-27T08:24:54","slug":"aire-de-camping-car","status":"publish","type":"hebergements","link":"https:\/\/font-romeu.fr\/ca\/hebergements\/aire-de-camping-car\/","title":{"rendered":"Aire de camping-car"},"content":{"rendered":"<p>Possibilitat d&#8217;acollir a la nostra clientela autocaravana en una \u00e0rea de 29 places amb els elements de confort necessaris per a la seva pr\u00e0ctica.<br \/>\nAquest espai tancat i segur t\u00e9:<br \/>\n&#8211; 7 terminals de connexi\u00f3 el\u00e8ctrica,<br \/>\n&#8211; 1 punt d&#8217;aigua i drenatge,<br \/>\n&#8211; D&#8217;un acc\u00e9s WIFI,<br \/>\n&#8211; Llums de carretera.<\/p>\n<p>El servei est\u00e0 assegurat\u00a07j\/7\u00a0i\u00a024h\/24\u00a0i permet una compra d&#8217;estada in situ directament en el terminal d&#8217;entrada o a dist\u00e0ncia en el lloc del delegat: https:\/www.aireparkreservation.com\/aires-campingcars-\/occitanie\/pyres-orientale\/font-romeu<\/p>\n","protected":false},"featured_media":23902,"template":"","type_hebergements":[47],"saisons":[571,573],"class_list":["post-20193","hebergements","type-hebergements","status-publish","has-post-thumbnail","hentry","type_hebergements-campings-aire-camping-car","saisons-estiu","saisons-hivern"],"acf":[],"yoast_head":"<!-- This site is optimized with the Yoast SEO plugin v27.3 - https:\/\/yoast.com\/product\/yoast-seo-wordpress\/ -->\n<title>Aire de camping-car - Font-Romeu<\/title>\n<meta name=\"robots\" content=\"index, follow, max-snippet:-1, max-image-preview:large, max-video-preview:-1\" \/>\n<link rel=\"canonical\" href=\"https:\/\/font-romeu.fr\/ca\/hebergements\/aire-de-camping-car\/\" \/>\n<meta property=\"og:locale\" content=\"ca_ES\" \/>\n<meta property=\"og:type\" content=\"article\" \/>\n<meta property=\"og:title\" content=\"Aire de camping-car - Font-Romeu\" \/>\n<meta property=\"og:description\" content=\"Possibilitat d&#8217;acollir a la nostra clientela autocaravana en una \u00e0rea de 29 places amb els elements de confort necessaris per a la seva pr\u00e0ctica. Aquest espai tancat i segur t\u00e9: &#8211; 7 terminals de connexi\u00f3 el\u00e8ctrica, &#8211; 1 punt d&#8217;aigua i drenatge, &#8211; D&#8217;un acc\u00e9s WIFI, &#8211; Llums de carretera. El servei est\u00e0 assegurat\u00a07j\/7\u00a0i\u00a024h\/24\u00a0i permet [&hellip;]\" \/>\n<meta property=\"og:url\" content=\"https:\/\/font-romeu.fr\/ca\/hebergements\/aire-de-camping-car\/\" \/>\n<meta property=\"og:site_name\" content=\"Font-Romeu\" \/>\n<meta property=\"article:modified_time\" content=\"2022-09-27T08:24:54+00:00\" \/>\n<meta property=\"og:image\" content=\"https:\/\/font-romeu.fr\/wp-content\/uploads\/2021\/10\/aire-fr-4.jpg\" \/>\n\t<meta property=\"og:image:width\" content=\"582\" \/>\n\t<meta property=\"og:image:height\" content=\"350\" \/>\n\t<meta property=\"og:image:type\" content=\"image\/jpeg\" \/>\n<meta name=\"twitter:card\" content=\"summary_large_image\" \/>\n<script type=\"application\/ld+json\" class=\"yoast-schema-graph\">{\"@context\":\"https:\\\/\\\/schema.org\",\"@graph\":[{\"@type\":\"WebPage\",\"@id\":\"https:\\\/\\\/font-romeu.fr\\\/ca\\\/hebergements\\\/aire-de-camping-car\\\/\",\"url\":\"https:\\\/\\\/font-romeu.fr\\\/ca\\\/hebergements\\\/aire-de-camping-car\\\/\",\"name\":\"Aire de camping-car - Font-Romeu\",\"isPartOf\":{\"@id\":\"https:\\\/\\\/font-romeu.fr\\\/ca\\\/#website\"},\"primaryImageOfPage\":{\"@id\":\"https:\\\/\\\/font-romeu.fr\\\/ca\\\/hebergements\\\/aire-de-camping-car\\\/#primaryimage\"},\"image\":{\"@id\":\"https:\\\/\\\/font-romeu.fr\\\/ca\\\/hebergements\\\/aire-de-camping-car\\\/#primaryimage\"},\"thumbnailUrl\":\"https:\\\/\\\/font-romeu.fr\\\/wp-content\\\/uploads\\\/2021\\\/10\\\/CAMPING-CAR2-e1690106291926.jpg\",\"datePublished\":\"2021-10-22T12:50:05+00:00\",\"dateModified\":\"2022-09-27T08:24:54+00:00\",\"breadcrumb\":{\"@id\":\"https:\\\/\\\/font-romeu.fr\\\/ca\\\/hebergements\\\/aire-de-camping-car\\\/#breadcrumb\"},\"inLanguage\":\"ca\",\"potentialAction\":[{\"@type\":\"ReadAction\",\"target\":[\"https:\\\/\\\/font-romeu.fr\\\/ca\\\/hebergements\\\/aire-de-camping-car\\\/\"]}]},{\"@type\":\"ImageObject\",\"inLanguage\":\"ca\",\"@id\":\"https:\\\/\\\/font-romeu.fr\\\/ca\\\/hebergements\\\/aire-de-camping-car\\\/#primaryimage\",\"url\":\"https:\\\/\\\/font-romeu.fr\\\/wp-content\\\/uploads\\\/2021\\\/10\\\/CAMPING-CAR2-e1690106291926.jpg\",\"contentUrl\":\"https:\\\/\\\/font-romeu.fr\\\/wp-content\\\/uploads\\\/2021\\\/10\\\/CAMPING-CAR2-e1690106291926.jpg\",\"width\":620,\"height\":413,\"caption\":\"Camper van parked high in the mountains, Switzerland\"},{\"@type\":\"BreadcrumbList\",\"@id\":\"https:\\\/\\\/font-romeu.fr\\\/ca\\\/hebergements\\\/aire-de-camping-car\\\/#breadcrumb\",\"itemListElement\":[{\"@type\":\"ListItem\",\"position\":1,\"name\":\"Accueil\",\"item\":\"https:\\\/\\\/font-romeu.fr\\\/ca\\\/\"},{\"@type\":\"ListItem\",\"position\":2,\"name\":\"Aire de camping-car\"}]},{\"@type\":\"WebSite\",\"@id\":\"https:\\\/\\\/font-romeu.fr\\\/ca\\\/#website\",\"url\":\"https:\\\/\\\/font-romeu.fr\\\/ca\\\/\",\"name\":\"Font-romeu\",\"description\":\"Changez d&#039;altitude\",\"publisher\":{\"@id\":\"https:\\\/\\\/font-romeu.fr\\\/ca\\\/#organization\"},\"potentialAction\":[{\"@type\":\"SearchAction\",\"target\":{\"@type\":\"EntryPoint\",\"urlTemplate\":\"https:\\\/\\\/font-romeu.fr\\\/ca\\\/?s={search_term_string}\"},\"query-input\":{\"@type\":\"PropertyValueSpecification\",\"valueRequired\":true,\"valueName\":\"search_term_string\"}}],\"inLanguage\":\"ca\"},{\"@type\":\"Organization\",\"@id\":\"https:\\\/\\\/font-romeu.fr\\\/ca\\\/#organization\",\"name\":\"Office de Tourisme de Font-Romeu\",\"url\":\"https:\\\/\\\/font-romeu.fr\\\/ca\\\/\",\"logo\":{\"@type\":\"ImageObject\",\"inLanguage\":\"ca\",\"@id\":\"https:\\\/\\\/font-romeu.fr\\\/ca\\\/#\\\/schema\\\/logo\\\/image\\\/\",\"url\":\"https:\\\/\\\/font-romeu.fr\\\/wp-content\\\/uploads\\\/2021\\\/11\\\/LogoFontRomeu_orange-1.svg\",\"contentUrl\":\"https:\\\/\\\/font-romeu.fr\\\/wp-content\\\/uploads\\\/2021\\\/11\\\/LogoFontRomeu_orange-1.svg\",\"width\":1,\"height\":1,\"caption\":\"Office de Tourisme de Font-Romeu\"},\"image\":{\"@id\":\"https:\\\/\\\/font-romeu.fr\\\/ca\\\/#\\\/schema\\\/logo\\\/image\\\/\"},\"sameAs\":[\"https:\\\/\\\/www.instagram.com\\\/stationfontromeu\\\/\"]}]}<\/script>\n<!-- \/ Yoast SEO plugin. -->","yoast_head_json":{"title":"Aire de camping-car - Font-Romeu","robots":{"index":"index","follow":"follow","max-snippet":"max-snippet:-1","max-image-preview":"max-image-preview:large","max-video-preview":"max-video-preview:-1"},"canonical":"https:\/\/font-romeu.fr\/ca\/hebergements\/aire-de-camping-car\/","og_locale":"ca_ES","og_type":"article","og_title":"Aire de camping-car - Font-Romeu","og_description":"Possibilitat d&#8217;acollir a la nostra clientela autocaravana en una \u00e0rea de 29 places amb els elements de confort necessaris per a la seva pr\u00e0ctica. Aquest espai tancat i segur t\u00e9: &#8211; 7 terminals de connexi\u00f3 el\u00e8ctrica, &#8211; 1 punt d&#8217;aigua i drenatge, &#8211; D&#8217;un acc\u00e9s WIFI, &#8211; Llums de carretera. El servei est\u00e0 assegurat\u00a07j\/7\u00a0i\u00a024h\/24\u00a0i permet [&hellip;]","og_url":"https:\/\/font-romeu.fr\/ca\/hebergements\/aire-de-camping-car\/","og_site_name":"Font-Romeu","article_modified_time":"2022-09-27T08:24:54+00:00","og_image":[{"width":582,"height":350,"url":"https:\/\/font-romeu.fr\/wp-content\/uploads\/2021\/10\/aire-fr-4.jpg","type":"image\/jpeg"}],"twitter_card":"summary_large_image","schema":{"@context":"https:\/\/schema.org","@graph":[{"@type":"WebPage","@id":"https:\/\/font-romeu.fr\/ca\/hebergements\/aire-de-camping-car\/","url":"https:\/\/font-romeu.fr\/ca\/hebergements\/aire-de-camping-car\/","name":"Aire de camping-car - Font-Romeu","isPartOf":{"@id":"https:\/\/font-romeu.fr\/ca\/#website"},"primaryImageOfPage":{"@id":"https:\/\/font-romeu.fr\/ca\/hebergements\/aire-de-camping-car\/#primaryimage"},"image":{"@id":"https:\/\/font-romeu.fr\/ca\/hebergements\/aire-de-camping-car\/#primaryimage"},"thumbnailUrl":"https:\/\/font-romeu.fr\/wp-content\/uploads\/2021\/10\/CAMPING-CAR2-e1690106291926.jpg","datePublished":"2021-10-22T12:50:05+00:00","dateModified":"2022-09-27T08:24:54+00:00","breadcrumb":{"@id":"https:\/\/font-romeu.fr\/ca\/hebergements\/aire-de-camping-car\/#breadcrumb"},"inLanguage":"ca","potentialAction":[{"@type":"ReadAction","target":["https:\/\/font-romeu.fr\/ca\/hebergements\/aire-de-camping-car\/"]}]},{"@type":"ImageObject","inLanguage":"ca","@id":"https:\/\/font-romeu.fr\/ca\/hebergements\/aire-de-camping-car\/#primaryimage","url":"https:\/\/font-romeu.fr\/wp-content\/uploads\/2021\/10\/CAMPING-CAR2-e1690106291926.jpg","contentUrl":"https:\/\/font-romeu.fr\/wp-content\/uploads\/2021\/10\/CAMPING-CAR2-e1690106291926.jpg","width":620,"height":413,"caption":"Camper van parked high in the mountains, Switzerland"},{"@type":"BreadcrumbList","@id":"https:\/\/font-romeu.fr\/ca\/hebergements\/aire-de-camping-car\/#breadcrumb","itemListElement":[{"@type":"ListItem","position":1,"name":"Accueil","item":"https:\/\/font-romeu.fr\/ca\/"},{"@type":"ListItem","position":2,"name":"Aire de camping-car"}]},{"@type":"WebSite","@id":"https:\/\/font-romeu.fr\/ca\/#website","url":"https:\/\/font-romeu.fr\/ca\/","name":"Font-romeu","description":"Changez d&#039;altitude","publisher":{"@id":"https:\/\/font-romeu.fr\/ca\/#organization"},"potentialAction":[{"@type":"SearchAction","target":{"@type":"EntryPoint","urlTemplate":"https:\/\/font-romeu.fr\/ca\/?s={search_term_string}"},"query-input":{"@type":"PropertyValueSpecification","valueRequired":true,"valueName":"search_term_string"}}],"inLanguage":"ca"},{"@type":"Organization","@id":"https:\/\/font-romeu.fr\/ca\/#organization","name":"Office de Tourisme de Font-Romeu","url":"https:\/\/font-romeu.fr\/ca\/","logo":{"@type":"ImageObject","inLanguage":"ca","@id":"https:\/\/font-romeu.fr\/ca\/#\/schema\/logo\/image\/","url":"https:\/\/font-romeu.fr\/wp-content\/uploads\/2021\/11\/LogoFontRomeu_orange-1.svg","contentUrl":"https:\/\/font-romeu.fr\/wp-content\/uploads\/2021\/11\/LogoFontRomeu_orange-1.svg","width":1,"height":1,"caption":"Office de Tourisme de Font-Romeu"},"image":{"@id":"https:\/\/font-romeu.fr\/ca\/#\/schema\/logo\/image\/"},"sameAs":["https:\/\/www.instagram.com\/stationfontromeu\/"]}]}},"_links":{"self":[{"href":"https:\/\/font-romeu.fr\/ca\/wp-json\/wp\/v2\/hebergements\/20193","targetHints":{"allow":["GET"]}}],"collection":[{"href":"https:\/\/font-romeu.fr\/ca\/wp-json\/wp\/v2\/hebergements"}],"about":[{"href":"https:\/\/font-romeu.fr\/ca\/wp-json\/wp\/v2\/types\/hebergements"}],"version-history":[{"count":0,"href":"https:\/\/font-romeu.fr\/ca\/wp-json\/wp\/v2\/hebergements\/20193\/revisions"}],"wp:featuredmedia":[{"embeddable":true,"href":"https:\/\/font-romeu.fr\/ca\/wp-json\/wp\/v2\/media\/23902"}],"wp:attachment":[{"href":"https:\/\/font-romeu.fr\/ca\/wp-json\/wp\/v2\/media?parent=20193"}],"wp:term":[{"taxonomy":"type_hebergements","embeddable":true,"href":"https:\/\/font-romeu.fr\/ca\/wp-json\/wp\/v2\/type_hebergements?post=20193"},{"taxonomy":"saisons","embeddable":true,"href":"https:\/\/font-romeu.fr\/ca\/wp-json\/wp\/v2\/saisons?post=20193"}],"curies":[{"name":"wp","href":"https:\/\/api.w.org\/{rel}","templated":true}]}}

<p>Possibilitat d&#8217;acollir a la nostra clientela autocaravana en una àrea de 29 places amb els elements de confort necessaris per a la seva pràctica.<br />
Aquest espai tancat i segur té:<br />
&#8211; 7 terminals de connexió elèctrica,<br />
&#8211; 1 punt d&#8217;aigua i drenatge,<br />
&#8211; D&#8217;un accés WIFI,<br />
&#8211; Llums de carretera.</p>
<p>El servei està assegurat 7j/7 i 24h/24 i permet una compra d&#8217;estada in situ directament en el terminal d&#8217;entrada o a distància en el lloc del delegat: https:/www.aireparkreservation.com/aires-campingcars-/occitanie/pyres-orientale/font-romeu</p>

<!-- This site is optimized with the Yoast SEO plugin v27.3 - https://yoast.com/product/yoast-seo-wordpress/ -->
<title>Aire de camping-car - Font-Romeu</title>
<meta name="robots" content="index, follow, max-snippet:-1, max-image-preview:large, max-video-preview:-1" />
<link rel="canonical" href="https://font-romeu.fr/ca/hebergements/aire-de-camping-car/" />
<meta property="og:locale" content="ca_ES" />
<meta property="og:type" content="article" />
<meta property="og:title" content="Aire de camping-car - Font-Romeu" />
<meta property="og:description" content="Possibilitat d&#8217;acollir a la nostra clientela autocaravana en una àrea de 29 places amb els elements de confort necessaris per a la seva pràctica. Aquest espai tancat i segur té: &#8211; 7 terminals de connexió elèctrica, &#8211; 1 punt d&#8217;aigua i drenatge, &#8211; D&#8217;un accés WIFI, &#8211; Llums de carretera. El servei està assegurat 7j/7 i 24h/24 i permet [&hellip;]" />
<meta property="og:url" content="https://font-romeu.fr/ca/hebergements/aire-de-camping-car/" />
<meta property="og:site_name" content="Font-Romeu" />
<meta property="article:modified_time" content="2022-09-27T08:24:54+00:00" />
<meta property="og:image" content="https://font-romeu.fr/wp-content/uploads/2021/10/aire-fr-4.jpg" />
	<meta property="og:image:width" content="582" />
	<meta property="og:image:height" content="350" />
	<meta property="og:image:type" content="image/jpeg" />
<meta name="twitter:card" content="summary_large_image" />
<script type="application/ld+json" class="yoast-schema-graph">{"@context":"https:\/\/schema.org","@graph":[{"@type":"WebPage","@id":"https:\/\/font-romeu.fr\/ca\/hebergements\/aire-de-camping-car\/","url":"https:\/\/font-romeu.fr\/ca\/hebergements\/aire-de-camping-car\/","name":"Aire de camping-car - Font-Romeu","isPartOf":{"@id":"https:\/\/font-romeu.fr\/ca\/#website"},"primaryImageOfPage":{"@id":"https:\/\/font-romeu.fr\/ca\/hebergements\/aire-de-camping-car\/#primaryimage"},"image":{"@id":"https:\/\/font-romeu.fr\/ca\/hebergements\/aire-de-camping-car\/#primaryimage"},"thumbnailUrl":"https:\/\/font-romeu.fr\/wp-content\/uploads\/2021\/10\/CAMPING-CAR2-e1690106291926.jpg","datePublished":"2021-10-22T12:50:05+00:00","dateModified":"2022-09-27T08:24:54+00:00","breadcrumb":{"@id":"https:\/\/font-romeu.fr\/ca\/hebergements\/aire-de-camping-car\/#breadcrumb"},"inLanguage":"ca","potentialAction":[{"@type":"ReadAction","target":["https:\/\/font-romeu.fr\/ca\/hebergements\/aire-de-camping-car\/"]}]},{"@type":"ImageObject","inLanguage":"ca","@id":"https:\/\/font-romeu.fr\/ca\/hebergements\/aire-de-camping-car\/#primaryimage","url":"https:\/\/font-romeu.fr\/wp-content\/uploads\/2021\/10\/CAMPING-CAR2-e1690106291926.jpg","contentUrl":"https:\/\/font-romeu.fr\/wp-content\/uploads\/2021\/10\/CAMPING-CAR2-e1690106291926.jpg","width":620,"height":413,"caption":"Camper van parked high in the mountains, Switzerland"},{"@type":"BreadcrumbList","@id":"https:\/\/font-romeu.fr\/ca\/hebergements\/aire-de-camping-car\/#breadcrumb","itemListElement":[{"@type":"ListItem","position":1,"name":"Accueil","item":"https:\/\/font-romeu.fr\/ca\/"},{"@type":"ListItem","position":2,"name":"Aire de camping-car"}]},{"@type":"WebSite","@id":"https:\/\/font-romeu.fr\/ca\/#website","url":"https:\/\/font-romeu.fr\/ca\/","name":"Font-romeu","description":"Changez d&#039;altitude","publisher":{"@id":"https:\/\/font-romeu.fr\/ca\/#organization"},"potentialAction":[{"@type":"SearchAction","target":{"@type":"EntryPoint","urlTemplate":"https:\/\/font-romeu.fr\/ca\/?s={search_term_string}"},"query-input":{"@type":"PropertyValueSpecification","valueRequired":true,"valueName":"search_term_string"}}],"inLanguage":"ca"},{"@type":"Organization","@id":"https:\/\/font-romeu.fr\/ca\/#organization","name":"Office de Tourisme de Font-Romeu","url":"https:\/\/font-romeu.fr\/ca\/","logo":{"@type":"ImageObject","inLanguage":"ca","@id":"https:\/\/font-romeu.fr\/ca\/#\/schema\/logo\/image\/","url":"https:\/\/font-romeu.fr\/wp-content\/uploads\/2021\/11\/LogoFontRomeu_orange-1.svg","contentUrl":"https:\/\/font-romeu.fr\/wp-content\/uploads\/2021\/11\/LogoFontRomeu_orange-1.svg","width":1,"height":1,"caption":"Office de Tourisme de Font-Romeu"},"image":{"@id":"https:\/\/font-romeu.fr\/ca\/#\/schema\/logo\/image\/"},"sameAs":["https:\/\/www.instagram.com\/stationfontromeu\/"]}]}</script>
<!-- / Yoast SEO plugin. -->

Possibilitat d&#8217;acollir a la nostra clientela autocaravana en una àrea de 29 places amb els elements de confort necessaris per a la seva pràctica. Aquest espai tancat i segur té: &#8211; 7 terminals de connexió elèctrica, &#8211; 1 punt d&#8217;aigua i drenatge, &#8211; D&#8217;un accés WIFI, &#8211; Llums de carretera. El servei està assegurat 7j/7 i 24h/24 i permet [&hellip;]
