{"id":20787,"date":"2021-10-29T13:34:00","date_gmt":"2021-10-29T11:34:00","guid":{"rendered":"https:\/\/font-romeu.fr\/patrimoines\/abbaye-de-saint-michel-de-cuixa\/"},"modified":"2024-07-15T17:12:47","modified_gmt":"2024-07-15T15:12:47","slug":"abbaye-de-saint-michel-de-cuixa","status":"publish","type":"patrimoines","link":"https:\/\/font-romeu.fr\/ca\/patrimoines\/abbaye-de-saint-michel-de-cuixa\/","title":{"rendered":"ABBAYE DE SAINT MICHEL DE CUIXA"},"content":{"rendered":"<ul>\n<li>L&#8217;Abadia de Saint-Michel de Cuix\u00e0 est\u00e0 situada a 450 metres d&#8217;altitud, a la poblaci\u00f3 de Codalet a la vall de Llitera, entre els contraforts del Canig\u00f3.<\/li>\n<li>D&#8217;abril a setembre: de 9:30 a 11:50 i de 14 a 18 h.<\/li>\n<li>Octubre a mar\u00e7: de 9.30 a 11.50 h i de 14.00 a 17.00 h.<\/li>\n<li>Diumenges i festius religiosos: tancat al mat\u00ed<\/li>\n<li>Tancat: 01\/01, Diumenge de Pasqua, 25\/12, 2a quinzena de gener.<\/li>\n<\/ul>\n<p>&nbsp;<\/p>\n<ul>\n<li>Preus: Preu complet 6 \u20ac &#8211; Preu Discovery Pass 5,50 \u20ac &#8211; Nens 12\/18 anys i estudiants fins a 25 anys 3,50 \u20ac.<\/li>\n<li>Visites guiades els mesos de juliol i agost, possibilitat d&#8217;incorporar-se a visites en grup la resta de l&#8217;any.<\/li>\n<\/ul>\n","protected":false},"featured_media":18292,"template":"","type_patrimoines":[615],"categories_patrimoines":[619],"saisons":[571,573],"class_list":["post-20787","patrimoines","type-patrimoines","status-publish","has-post-thumbnail","hentry","type_patrimoines-culturels-ca","categories_patrimoines-site-religieux-ca","saisons-estiu","saisons-hivern"],"acf":[],"yoast_head":"<!-- This site is optimized with the Yoast SEO plugin v27.3 - https:\/\/yoast.com\/product\/yoast-seo-wordpress\/ -->\n<title>ABBAYE DE SAINT MICHEL DE CUIXA - Font-Romeu<\/title>\n<meta name=\"robots\" content=\"index, follow, max-snippet:-1, max-image-preview:large, max-video-preview:-1\" \/>\n<link rel=\"canonical\" href=\"https:\/\/font-romeu.fr\/ca\/patrimoines\/abbaye-de-saint-michel-de-cuixa\/\" \/>\n<meta property=\"og:locale\" content=\"ca_ES\" \/>\n<meta property=\"og:type\" content=\"article\" \/>\n<meta property=\"og:title\" content=\"ABBAYE DE SAINT MICHEL DE CUIXA - Font-Romeu\" \/>\n<meta property=\"og:description\" content=\"L&#8217;Abadia de Saint-Michel de Cuix\u00e0 est\u00e0 situada a 450 metres d&#8217;altitud, a la poblaci\u00f3 de Codalet a la vall de Llitera, entre els contraforts del Canig\u00f3. D&#8217;abril a setembre: de 9:30 a 11:50 i de 14 a 18 h. Octubre a mar\u00e7: de 9.30 a 11.50 h i de 14.00 a 17.00 h. Diumenges i [&hellip;]\" \/>\n<meta property=\"og:url\" content=\"https:\/\/font-romeu.fr\/ca\/patrimoines\/abbaye-de-saint-michel-de-cuixa\/\" \/>\n<meta property=\"og:site_name\" content=\"Font-Romeu\" \/>\n<meta property=\"article:modified_time\" content=\"2024-07-15T15:12:47+00:00\" \/>\n<meta property=\"og:image\" content=\"https:\/\/font-romeu.fr\/wp-content\/uploads\/2021\/11\/Abbaye-Saint-Michel--de-Cuxa--OTCONFLENTCANIGO--2--scaled.jpg\" \/>\n\t<meta property=\"og:image:width\" content=\"2560\" \/>\n\t<meta property=\"og:image:height\" content=\"1696\" \/>\n\t<meta property=\"og:image:type\" content=\"image\/jpeg\" \/>\n<meta name=\"twitter:card\" content=\"summary_large_image\" \/>\n<script type=\"application\/ld+json\" class=\"yoast-schema-graph\">{\"@context\":\"https:\\\/\\\/schema.org\",\"@graph\":[{\"@type\":\"WebPage\",\"@id\":\"https:\\\/\\\/font-romeu.fr\\\/ca\\\/patrimoines\\\/abbaye-de-saint-michel-de-cuixa\\\/\",\"url\":\"https:\\\/\\\/font-romeu.fr\\\/ca\\\/patrimoines\\\/abbaye-de-saint-michel-de-cuixa\\\/\",\"name\":\"ABBAYE DE SAINT MICHEL DE CUIXA - Font-Romeu\",\"isPartOf\":{\"@id\":\"https:\\\/\\\/font-romeu.fr\\\/ca\\\/#website\"},\"primaryImageOfPage\":{\"@id\":\"https:\\\/\\\/font-romeu.fr\\\/ca\\\/patrimoines\\\/abbaye-de-saint-michel-de-cuixa\\\/#primaryimage\"},\"image\":{\"@id\":\"https:\\\/\\\/font-romeu.fr\\\/ca\\\/patrimoines\\\/abbaye-de-saint-michel-de-cuixa\\\/#primaryimage\"},\"thumbnailUrl\":\"https:\\\/\\\/font-romeu.fr\\\/wp-content\\\/uploads\\\/2021\\\/11\\\/Abbaye-Saint-Michel--de-Cuxa--OTCONFLENTCANIGO--2--scaled.jpg\",\"datePublished\":\"2021-10-29T11:34:00+00:00\",\"dateModified\":\"2024-07-15T15:12:47+00:00\",\"breadcrumb\":{\"@id\":\"https:\\\/\\\/font-romeu.fr\\\/ca\\\/patrimoines\\\/abbaye-de-saint-michel-de-cuixa\\\/#breadcrumb\"},\"inLanguage\":\"ca\",\"potentialAction\":[{\"@type\":\"ReadAction\",\"target\":[\"https:\\\/\\\/font-romeu.fr\\\/ca\\\/patrimoines\\\/abbaye-de-saint-michel-de-cuixa\\\/\"]}]},{\"@type\":\"ImageObject\",\"inLanguage\":\"ca\",\"@id\":\"https:\\\/\\\/font-romeu.fr\\\/ca\\\/patrimoines\\\/abbaye-de-saint-michel-de-cuixa\\\/#primaryimage\",\"url\":\"https:\\\/\\\/font-romeu.fr\\\/wp-content\\\/uploads\\\/2021\\\/11\\\/Abbaye-Saint-Michel--de-Cuxa--OTCONFLENTCANIGO--2--scaled.jpg\",\"contentUrl\":\"https:\\\/\\\/font-romeu.fr\\\/wp-content\\\/uploads\\\/2021\\\/11\\\/Abbaye-Saint-Michel--de-Cuxa--OTCONFLENTCANIGO--2--scaled.jpg\",\"width\":2560,\"height\":1696},{\"@type\":\"BreadcrumbList\",\"@id\":\"https:\\\/\\\/font-romeu.fr\\\/ca\\\/patrimoines\\\/abbaye-de-saint-michel-de-cuixa\\\/#breadcrumb\",\"itemListElement\":[{\"@type\":\"ListItem\",\"position\":1,\"name\":\"Accueil\",\"item\":\"https:\\\/\\\/font-romeu.fr\\\/ca\\\/\"},{\"@type\":\"ListItem\",\"position\":2,\"name\":\"ABBAYE DE SAINT MICHEL DE CUIXA\"}]},{\"@type\":\"WebSite\",\"@id\":\"https:\\\/\\\/font-romeu.fr\\\/ca\\\/#website\",\"url\":\"https:\\\/\\\/font-romeu.fr\\\/ca\\\/\",\"name\":\"Font-romeu\",\"description\":\"Changez d&#039;altitude\",\"publisher\":{\"@id\":\"https:\\\/\\\/font-romeu.fr\\\/ca\\\/#organization\"},\"potentialAction\":[{\"@type\":\"SearchAction\",\"target\":{\"@type\":\"EntryPoint\",\"urlTemplate\":\"https:\\\/\\\/font-romeu.fr\\\/ca\\\/?s={search_term_string}\"},\"query-input\":{\"@type\":\"PropertyValueSpecification\",\"valueRequired\":true,\"valueName\":\"search_term_string\"}}],\"inLanguage\":\"ca\"},{\"@type\":\"Organization\",\"@id\":\"https:\\\/\\\/font-romeu.fr\\\/ca\\\/#organization\",\"name\":\"Office de Tourisme de Font-Romeu\",\"url\":\"https:\\\/\\\/font-romeu.fr\\\/ca\\\/\",\"logo\":{\"@type\":\"ImageObject\",\"inLanguage\":\"ca\",\"@id\":\"https:\\\/\\\/font-romeu.fr\\\/ca\\\/#\\\/schema\\\/logo\\\/image\\\/\",\"url\":\"https:\\\/\\\/font-romeu.fr\\\/wp-content\\\/uploads\\\/2021\\\/11\\\/LogoFontRomeu_orange-1.svg\",\"contentUrl\":\"https:\\\/\\\/font-romeu.fr\\\/wp-content\\\/uploads\\\/2021\\\/11\\\/LogoFontRomeu_orange-1.svg\",\"width\":1,\"height\":1,\"caption\":\"Office de Tourisme de Font-Romeu\"},\"image\":{\"@id\":\"https:\\\/\\\/font-romeu.fr\\\/ca\\\/#\\\/schema\\\/logo\\\/image\\\/\"},\"sameAs\":[\"https:\\\/\\\/www.instagram.com\\\/stationfontromeu\\\/\"]}]}<\/script>\n<!-- \/ Yoast SEO plugin. -->","yoast_head_json":{"title":"ABBAYE DE SAINT MICHEL DE CUIXA - Font-Romeu","robots":{"index":"index","follow":"follow","max-snippet":"max-snippet:-1","max-image-preview":"max-image-preview:large","max-video-preview":"max-video-preview:-1"},"canonical":"https:\/\/font-romeu.fr\/ca\/patrimoines\/abbaye-de-saint-michel-de-cuixa\/","og_locale":"ca_ES","og_type":"article","og_title":"ABBAYE DE SAINT MICHEL DE CUIXA - Font-Romeu","og_description":"L&#8217;Abadia de Saint-Michel de Cuix\u00e0 est\u00e0 situada a 450 metres d&#8217;altitud, a la poblaci\u00f3 de Codalet a la vall de Llitera, entre els contraforts del Canig\u00f3. D&#8217;abril a setembre: de 9:30 a 11:50 i de 14 a 18 h. Octubre a mar\u00e7: de 9.30 a 11.50 h i de 14.00 a 17.00 h. Diumenges i [&hellip;]","og_url":"https:\/\/font-romeu.fr\/ca\/patrimoines\/abbaye-de-saint-michel-de-cuixa\/","og_site_name":"Font-Romeu","article_modified_time":"2024-07-15T15:12:47+00:00","og_image":[{"width":2560,"height":1696,"url":"https:\/\/font-romeu.fr\/wp-content\/uploads\/2021\/11\/Abbaye-Saint-Michel--de-Cuxa--OTCONFLENTCANIGO--2--scaled.jpg","type":"image\/jpeg"}],"twitter_card":"summary_large_image","schema":{"@context":"https:\/\/schema.org","@graph":[{"@type":"WebPage","@id":"https:\/\/font-romeu.fr\/ca\/patrimoines\/abbaye-de-saint-michel-de-cuixa\/","url":"https:\/\/font-romeu.fr\/ca\/patrimoines\/abbaye-de-saint-michel-de-cuixa\/","name":"ABBAYE DE SAINT MICHEL DE CUIXA - Font-Romeu","isPartOf":{"@id":"https:\/\/font-romeu.fr\/ca\/#website"},"primaryImageOfPage":{"@id":"https:\/\/font-romeu.fr\/ca\/patrimoines\/abbaye-de-saint-michel-de-cuixa\/#primaryimage"},"image":{"@id":"https:\/\/font-romeu.fr\/ca\/patrimoines\/abbaye-de-saint-michel-de-cuixa\/#primaryimage"},"thumbnailUrl":"https:\/\/font-romeu.fr\/wp-content\/uploads\/2021\/11\/Abbaye-Saint-Michel--de-Cuxa--OTCONFLENTCANIGO--2--scaled.jpg","datePublished":"2021-10-29T11:34:00+00:00","dateModified":"2024-07-15T15:12:47+00:00","breadcrumb":{"@id":"https:\/\/font-romeu.fr\/ca\/patrimoines\/abbaye-de-saint-michel-de-cuixa\/#breadcrumb"},"inLanguage":"ca","potentialAction":[{"@type":"ReadAction","target":["https:\/\/font-romeu.fr\/ca\/patrimoines\/abbaye-de-saint-michel-de-cuixa\/"]}]},{"@type":"ImageObject","inLanguage":"ca","@id":"https:\/\/font-romeu.fr\/ca\/patrimoines\/abbaye-de-saint-michel-de-cuixa\/#primaryimage","url":"https:\/\/font-romeu.fr\/wp-content\/uploads\/2021\/11\/Abbaye-Saint-Michel--de-Cuxa--OTCONFLENTCANIGO--2--scaled.jpg","contentUrl":"https:\/\/font-romeu.fr\/wp-content\/uploads\/2021\/11\/Abbaye-Saint-Michel--de-Cuxa--OTCONFLENTCANIGO--2--scaled.jpg","width":2560,"height":1696},{"@type":"BreadcrumbList","@id":"https:\/\/font-romeu.fr\/ca\/patrimoines\/abbaye-de-saint-michel-de-cuixa\/#breadcrumb","itemListElement":[{"@type":"ListItem","position":1,"name":"Accueil","item":"https:\/\/font-romeu.fr\/ca\/"},{"@type":"ListItem","position":2,"name":"ABBAYE DE SAINT MICHEL DE CUIXA"}]},{"@type":"WebSite","@id":"https:\/\/font-romeu.fr\/ca\/#website","url":"https:\/\/font-romeu.fr\/ca\/","name":"Font-romeu","description":"Changez d&#039;altitude","publisher":{"@id":"https:\/\/font-romeu.fr\/ca\/#organization"},"potentialAction":[{"@type":"SearchAction","target":{"@type":"EntryPoint","urlTemplate":"https:\/\/font-romeu.fr\/ca\/?s={search_term_string}"},"query-input":{"@type":"PropertyValueSpecification","valueRequired":true,"valueName":"search_term_string"}}],"inLanguage":"ca"},{"@type":"Organization","@id":"https:\/\/font-romeu.fr\/ca\/#organization","name":"Office de Tourisme de Font-Romeu","url":"https:\/\/font-romeu.fr\/ca\/","logo":{"@type":"ImageObject","inLanguage":"ca","@id":"https:\/\/font-romeu.fr\/ca\/#\/schema\/logo\/image\/","url":"https:\/\/font-romeu.fr\/wp-content\/uploads\/2021\/11\/LogoFontRomeu_orange-1.svg","contentUrl":"https:\/\/font-romeu.fr\/wp-content\/uploads\/2021\/11\/LogoFontRomeu_orange-1.svg","width":1,"height":1,"caption":"Office de Tourisme de Font-Romeu"},"image":{"@id":"https:\/\/font-romeu.fr\/ca\/#\/schema\/logo\/image\/"},"sameAs":["https:\/\/www.instagram.com\/stationfontromeu\/"]}]}},"_links":{"self":[{"href":"https:\/\/font-romeu.fr\/ca\/wp-json\/wp\/v2\/patrimoines\/20787","targetHints":{"allow":["GET"]}}],"collection":[{"href":"https:\/\/font-romeu.fr\/ca\/wp-json\/wp\/v2\/patrimoines"}],"about":[{"href":"https:\/\/font-romeu.fr\/ca\/wp-json\/wp\/v2\/types\/patrimoines"}],"version-history":[{"count":0,"href":"https:\/\/font-romeu.fr\/ca\/wp-json\/wp\/v2\/patrimoines\/20787\/revisions"}],"wp:featuredmedia":[{"embeddable":true,"href":"https:\/\/font-romeu.fr\/ca\/wp-json\/wp\/v2\/media\/18292"}],"wp:attachment":[{"href":"https:\/\/font-romeu.fr\/ca\/wp-json\/wp\/v2\/media?parent=20787"}],"wp:term":[{"taxonomy":"type_patrimoines","embeddable":true,"href":"https:\/\/font-romeu.fr\/ca\/wp-json\/wp\/v2\/type_patrimoines?post=20787"},{"taxonomy":"categories_patrimoines","embeddable":true,"href":"https:\/\/font-romeu.fr\/ca\/wp-json\/wp\/v2\/categories_patrimoines?post=20787"},{"taxonomy":"saisons","embeddable":true,"href":"https:\/\/font-romeu.fr\/ca\/wp-json\/wp\/v2\/saisons?post=20787"}],"curies":[{"name":"wp","href":"https:\/\/api.w.org\/{rel}","templated":true}]}}

<ul>
<li>L&#8217;Abadia de Saint-Michel de Cuixà està situada a 450 metres d&#8217;altitud, a la població de Codalet a la vall de Llitera, entre els contraforts del Canigó.</li>
<li>D&#8217;abril a setembre: de 9:30 a 11:50 i de 14 a 18 h.</li>
<li>Octubre a març: de 9.30 a 11.50 h i de 14.00 a 17.00 h.</li>
<li>Diumenges i festius religiosos: tancat al matí</li>
<li>Tancat: 01/01, Diumenge de Pasqua, 25/12, 2a quinzena de gener.</li>
</ul>
<p>&nbsp;</p>
<ul>
<li>Preus: Preu complet 6 € &#8211; Preu Discovery Pass 5,50 € &#8211; Nens 12/18 anys i estudiants fins a 25 anys 3,50 €.</li>
<li>Visites guiades els mesos de juliol i agost, possibilitat d&#8217;incorporar-se a visites en grup la resta de l&#8217;any.</li>
</ul>

<!-- This site is optimized with the Yoast SEO plugin v27.3 - https://yoast.com/product/yoast-seo-wordpress/ -->
<title>ABBAYE DE SAINT MICHEL DE CUIXA - Font-Romeu</title>
<meta name="robots" content="index, follow, max-snippet:-1, max-image-preview:large, max-video-preview:-1" />
<link rel="canonical" href="https://font-romeu.fr/ca/patrimoines/abbaye-de-saint-michel-de-cuixa/" />
<meta property="og:locale" content="ca_ES" />
<meta property="og:type" content="article" />
<meta property="og:title" content="ABBAYE DE SAINT MICHEL DE CUIXA - Font-Romeu" />
<meta property="og:description" content="L&#8217;Abadia de Saint-Michel de Cuixà està situada a 450 metres d&#8217;altitud, a la població de Codalet a la vall de Llitera, entre els contraforts del Canigó. D&#8217;abril a setembre: de 9:30 a 11:50 i de 14 a 18 h. Octubre a març: de 9.30 a 11.50 h i de 14.00 a 17.00 h. Diumenges i [&hellip;]" />
<meta property="og:url" content="https://font-romeu.fr/ca/patrimoines/abbaye-de-saint-michel-de-cuixa/" />
<meta property="og:site_name" content="Font-Romeu" />
<meta property="article:modified_time" content="2024-07-15T15:12:47+00:00" />
<meta property="og:image" content="https://font-romeu.fr/wp-content/uploads/2021/11/Abbaye-Saint-Michel--de-Cuxa--OTCONFLENTCANIGO--2--scaled.jpg" />
	<meta property="og:image:width" content="2560" />
	<meta property="og:image:height" content="1696" />
	<meta property="og:image:type" content="image/jpeg" />
<meta name="twitter:card" content="summary_large_image" />
<script type="application/ld+json" class="yoast-schema-graph">{"@context":"https:\/\/schema.org","@graph":[{"@type":"WebPage","@id":"https:\/\/font-romeu.fr\/ca\/patrimoines\/abbaye-de-saint-michel-de-cuixa\/","url":"https:\/\/font-romeu.fr\/ca\/patrimoines\/abbaye-de-saint-michel-de-cuixa\/","name":"ABBAYE DE SAINT MICHEL DE CUIXA - Font-Romeu","isPartOf":{"@id":"https:\/\/font-romeu.fr\/ca\/#website"},"primaryImageOfPage":{"@id":"https:\/\/font-romeu.fr\/ca\/patrimoines\/abbaye-de-saint-michel-de-cuixa\/#primaryimage"},"image":{"@id":"https:\/\/font-romeu.fr\/ca\/patrimoines\/abbaye-de-saint-michel-de-cuixa\/#primaryimage"},"thumbnailUrl":"https:\/\/font-romeu.fr\/wp-content\/uploads\/2021\/11\/Abbaye-Saint-Michel--de-Cuxa--OTCONFLENTCANIGO--2--scaled.jpg","datePublished":"2021-10-29T11:34:00+00:00","dateModified":"2024-07-15T15:12:47+00:00","breadcrumb":{"@id":"https:\/\/font-romeu.fr\/ca\/patrimoines\/abbaye-de-saint-michel-de-cuixa\/#breadcrumb"},"inLanguage":"ca","potentialAction":[{"@type":"ReadAction","target":["https:\/\/font-romeu.fr\/ca\/patrimoines\/abbaye-de-saint-michel-de-cuixa\/"]}]},{"@type":"ImageObject","inLanguage":"ca","@id":"https:\/\/font-romeu.fr\/ca\/patrimoines\/abbaye-de-saint-michel-de-cuixa\/#primaryimage","url":"https:\/\/font-romeu.fr\/wp-content\/uploads\/2021\/11\/Abbaye-Saint-Michel--de-Cuxa--OTCONFLENTCANIGO--2--scaled.jpg","contentUrl":"https:\/\/font-romeu.fr\/wp-content\/uploads\/2021\/11\/Abbaye-Saint-Michel--de-Cuxa--OTCONFLENTCANIGO--2--scaled.jpg","width":2560,"height":1696},{"@type":"BreadcrumbList","@id":"https:\/\/font-romeu.fr\/ca\/patrimoines\/abbaye-de-saint-michel-de-cuixa\/#breadcrumb","itemListElement":[{"@type":"ListItem","position":1,"name":"Accueil","item":"https:\/\/font-romeu.fr\/ca\/"},{"@type":"ListItem","position":2,"name":"ABBAYE DE SAINT MICHEL DE CUIXA"}]},{"@type":"WebSite","@id":"https:\/\/font-romeu.fr\/ca\/#website","url":"https:\/\/font-romeu.fr\/ca\/","name":"Font-romeu","description":"Changez d&#039;altitude","publisher":{"@id":"https:\/\/font-romeu.fr\/ca\/#organization"},"potentialAction":[{"@type":"SearchAction","target":{"@type":"EntryPoint","urlTemplate":"https:\/\/font-romeu.fr\/ca\/?s={search_term_string}"},"query-input":{"@type":"PropertyValueSpecification","valueRequired":true,"valueName":"search_term_string"}}],"inLanguage":"ca"},{"@type":"Organization","@id":"https:\/\/font-romeu.fr\/ca\/#organization","name":"Office de Tourisme de Font-Romeu","url":"https:\/\/font-romeu.fr\/ca\/","logo":{"@type":"ImageObject","inLanguage":"ca","@id":"https:\/\/font-romeu.fr\/ca\/#\/schema\/logo\/image\/","url":"https:\/\/font-romeu.fr\/wp-content\/uploads\/2021\/11\/LogoFontRomeu_orange-1.svg","contentUrl":"https:\/\/font-romeu.fr\/wp-content\/uploads\/2021\/11\/LogoFontRomeu_orange-1.svg","width":1,"height":1,"caption":"Office de Tourisme de Font-Romeu"},"image":{"@id":"https:\/\/font-romeu.fr\/ca\/#\/schema\/logo\/image\/"},"sameAs":["https:\/\/www.instagram.com\/stationfontromeu\/"]}]}</script>
<!-- / Yoast SEO plugin. -->

L&#8217;Abadia de Saint-Michel de Cuixà està situada a 450 metres d&#8217;altitud, a la població de Codalet a la vall de Llitera, entre els contraforts del Canigó. D&#8217;abril a setembre: de 9:30 a 11:50 i de 14 a 18 h. Octubre a març: de 9.30 a 11.50 h i de 14.00 a 17.00 h. Diumenges i [&hellip;]
