{"id":15348,"date":"2021-10-27T16:05:00","date_gmt":"2021-10-27T14:05:00","guid":{"rendered":"https:\/\/font-romeu.fr\/commerces_services\/la-ferme-des-lloses-2\/"},"modified":"2025-11-25T11:39:20","modified_gmt":"2025-11-25T10:39:20","slug":"la-ferme-des-lloses-2","status":"publish","type":"commerces_services","link":"https:\/\/font-romeu.fr\/en\/shops_services\/la-ferme-des-lloses-2\/","title":{"rendered":"LA FERME DES LLOSES"},"content":{"rendered":"<ul>\n<li>Belle cave r\u00e9gionale avec quelques coup de c\u0153ur des autres r\u00e9gions de France. S\u00e9lection de bi\u00e8res r\u00e9gionales artisanales. Verrerie et articles autour du vin.<\/li>\n<li>Plus de 200 r\u00e9f\u00e9rences de vins de vignerons ind\u00e9pendants, Bio &#8211; Biodynamie &#8211; Nature &#8211; Conventionnel. Belle cave r\u00e9gionale avec quelques coups de coeur des autres r\u00e9gions de France. S\u00e9lection de bi\u00e8res r\u00e9gionales artisanales. Verrerie et articles autour du vin.<\/li>\n<li>Autour d\u2019une planche de fromages fermiers ou artisanaux et\/ou de charcuterie artisanale.<\/li>\n<li>Fromagerie : Fromager affineur, s\u00e9lection de fromages des Pyr\u00e9n\u00e9es et aussi les meilleurs fromages AOP de France et d&#8217;Europe. Tous ces fromages font l&#8217;objet du plus grand soin dans nos caves d&#8217;affinage.<\/li>\n<li>\u00c9picerie Bio &amp; Fine : Fruits et l\u00e9gumes en provenance d\u00e8s que possible du d\u00e9partement en agriculture biologique. Conserves locales et\/ou biologiques, miels locaux uniquement, charcuteries s\u00e9lectionn\u00e9es parmi les meilleures d&#8217;Europe.<\/li>\n<\/ul>\n","protected":false},"featured_media":24132,"template":"","type_commerces_services":[53,49,405],"categories_commerces_services":[162,187,118,119],"saisons":[516,508],"class_list":["post-15348","commerces_services","type-commerces_services","status-publish","has-post-thumbnail","hentry","type_commerces_services-artisans","type_commerces_services-commerces","type_commerces_services-producteurs","categories_commerces_services-alimentaire","categories_commerces_services-caviste","categories_commerces_services-cremerie","categories_commerces_services-produits-du-terroir","saisons-summer","saisons-winter"],"acf":[],"yoast_head":"<!-- This site is optimized with the Yoast SEO plugin v27.3 - https:\/\/yoast.com\/product\/yoast-seo-wordpress\/ -->\n<title>LA FERME DES LLOSES - Font-Romeu<\/title>\n<meta name=\"robots\" content=\"index, follow, max-snippet:-1, max-image-preview:large, max-video-preview:-1\" \/>\n<link rel=\"canonical\" href=\"https:\/\/font-romeu.fr\/en\/shops_services\/la-ferme-des-lloses-2\/\" \/>\n<meta property=\"og:locale\" content=\"en_US\" \/>\n<meta property=\"og:type\" content=\"article\" \/>\n<meta property=\"og:title\" content=\"LA FERME DES LLOSES - Font-Romeu\" \/>\n<meta property=\"og:description\" content=\"Belle cave r\u00e9gionale avec quelques coup de c\u0153ur des autres r\u00e9gions de France. S\u00e9lection de bi\u00e8res r\u00e9gionales artisanales. Verrerie et articles autour du vin. Plus de 200 r\u00e9f\u00e9rences de vins de vignerons ind\u00e9pendants, Bio &#8211; Biodynamie &#8211; Nature &#8211; Conventionnel. Belle cave r\u00e9gionale avec quelques coups de coeur des autres r\u00e9gions de France. S\u00e9lection de [&hellip;]\" \/>\n<meta property=\"og:url\" content=\"https:\/\/font-romeu.fr\/en\/shops_services\/la-ferme-des-lloses-2\/\" \/>\n<meta property=\"og:site_name\" content=\"Font-Romeu\" \/>\n<meta property=\"article:modified_time\" content=\"2025-11-25T10:39:20+00:00\" \/>\n<meta property=\"og:image\" content=\"https:\/\/font-romeu.fr\/wp-content\/uploads\/2021\/10\/ferme-des-lloses.jpg\" \/>\n\t<meta property=\"og:image:width\" content=\"2048\" \/>\n\t<meta property=\"og:image:height\" content=\"2560\" \/>\n\t<meta property=\"og:image:type\" content=\"image\/jpeg\" \/>\n<meta name=\"twitter:card\" content=\"summary_large_image\" \/>\n<meta name=\"twitter:label1\" content=\"Est. reading time\" \/>\n\t<meta name=\"twitter:data1\" content=\"1 minute\" \/>\n<script type=\"application\/ld+json\" class=\"yoast-schema-graph\">{\"@context\":\"https:\\\/\\\/schema.org\",\"@graph\":[{\"@type\":\"WebPage\",\"@id\":\"https:\\\/\\\/font-romeu.fr\\\/en\\\/shops_services\\\/la-ferme-des-lloses-2\\\/\",\"url\":\"https:\\\/\\\/font-romeu.fr\\\/en\\\/shops_services\\\/la-ferme-des-lloses-2\\\/\",\"name\":\"LA FERME DES LLOSES - Font-Romeu\",\"isPartOf\":{\"@id\":\"https:\\\/\\\/font-romeu.fr\\\/en\\\/#website\"},\"primaryImageOfPage\":{\"@id\":\"https:\\\/\\\/font-romeu.fr\\\/en\\\/shops_services\\\/la-ferme-des-lloses-2\\\/#primaryimage\"},\"image\":{\"@id\":\"https:\\\/\\\/font-romeu.fr\\\/en\\\/shops_services\\\/la-ferme-des-lloses-2\\\/#primaryimage\"},\"thumbnailUrl\":\"https:\\\/\\\/font-romeu.fr\\\/wp-content\\\/uploads\\\/2021\\\/10\\\/ferme-des-lloses.jpg\",\"datePublished\":\"2021-10-27T14:05:00+00:00\",\"dateModified\":\"2025-11-25T10:39:20+00:00\",\"breadcrumb\":{\"@id\":\"https:\\\/\\\/font-romeu.fr\\\/en\\\/shops_services\\\/la-ferme-des-lloses-2\\\/#breadcrumb\"},\"inLanguage\":\"en-US\",\"potentialAction\":[{\"@type\":\"ReadAction\",\"target\":[\"https:\\\/\\\/font-romeu.fr\\\/en\\\/shops_services\\\/la-ferme-des-lloses-2\\\/\"]}]},{\"@type\":\"ImageObject\",\"inLanguage\":\"en-US\",\"@id\":\"https:\\\/\\\/font-romeu.fr\\\/en\\\/shops_services\\\/la-ferme-des-lloses-2\\\/#primaryimage\",\"url\":\"https:\\\/\\\/font-romeu.fr\\\/wp-content\\\/uploads\\\/2021\\\/10\\\/ferme-des-lloses.jpg\",\"contentUrl\":\"https:\\\/\\\/font-romeu.fr\\\/wp-content\\\/uploads\\\/2021\\\/10\\\/ferme-des-lloses.jpg\",\"width\":2048,\"height\":2560},{\"@type\":\"BreadcrumbList\",\"@id\":\"https:\\\/\\\/font-romeu.fr\\\/en\\\/shops_services\\\/la-ferme-des-lloses-2\\\/#breadcrumb\",\"itemListElement\":[{\"@type\":\"ListItem\",\"position\":1,\"name\":\"Accueil\",\"item\":\"https:\\\/\\\/font-romeu.fr\\\/en\\\/\"},{\"@type\":\"ListItem\",\"position\":2,\"name\":\"LA FERME DES LLOSES\"}]},{\"@type\":\"WebSite\",\"@id\":\"https:\\\/\\\/font-romeu.fr\\\/en\\\/#website\",\"url\":\"https:\\\/\\\/font-romeu.fr\\\/en\\\/\",\"name\":\"Font-romeu\",\"description\":\"Changez d&#039;altitude\",\"publisher\":{\"@id\":\"https:\\\/\\\/font-romeu.fr\\\/en\\\/#organization\"},\"potentialAction\":[{\"@type\":\"SearchAction\",\"target\":{\"@type\":\"EntryPoint\",\"urlTemplate\":\"https:\\\/\\\/font-romeu.fr\\\/en\\\/?s={search_term_string}\"},\"query-input\":{\"@type\":\"PropertyValueSpecification\",\"valueRequired\":true,\"valueName\":\"search_term_string\"}}],\"inLanguage\":\"en-US\"},{\"@type\":\"Organization\",\"@id\":\"https:\\\/\\\/font-romeu.fr\\\/en\\\/#organization\",\"name\":\"Office de Tourisme de Font-Romeu\",\"url\":\"https:\\\/\\\/font-romeu.fr\\\/en\\\/\",\"logo\":{\"@type\":\"ImageObject\",\"inLanguage\":\"en-US\",\"@id\":\"https:\\\/\\\/font-romeu.fr\\\/en\\\/#\\\/schema\\\/logo\\\/image\\\/\",\"url\":\"https:\\\/\\\/font-romeu.fr\\\/wp-content\\\/uploads\\\/2021\\\/11\\\/LogoFontRomeu_orange-1.svg\",\"contentUrl\":\"https:\\\/\\\/font-romeu.fr\\\/wp-content\\\/uploads\\\/2021\\\/11\\\/LogoFontRomeu_orange-1.svg\",\"width\":1,\"height\":1,\"caption\":\"Office de Tourisme de Font-Romeu\"},\"image\":{\"@id\":\"https:\\\/\\\/font-romeu.fr\\\/en\\\/#\\\/schema\\\/logo\\\/image\\\/\"},\"sameAs\":[\"https:\\\/\\\/www.instagram.com\\\/stationfontromeu\\\/\"]}]}<\/script>\n<!-- \/ Yoast SEO plugin. -->","yoast_head_json":{"title":"LA FERME DES LLOSES - Font-Romeu","robots":{"index":"index","follow":"follow","max-snippet":"max-snippet:-1","max-image-preview":"max-image-preview:large","max-video-preview":"max-video-preview:-1"},"canonical":"https:\/\/font-romeu.fr\/en\/shops_services\/la-ferme-des-lloses-2\/","og_locale":"en_US","og_type":"article","og_title":"LA FERME DES LLOSES - Font-Romeu","og_description":"Belle cave r\u00e9gionale avec quelques coup de c\u0153ur des autres r\u00e9gions de France. S\u00e9lection de bi\u00e8res r\u00e9gionales artisanales. Verrerie et articles autour du vin. Plus de 200 r\u00e9f\u00e9rences de vins de vignerons ind\u00e9pendants, Bio &#8211; Biodynamie &#8211; Nature &#8211; Conventionnel. Belle cave r\u00e9gionale avec quelques coups de coeur des autres r\u00e9gions de France. S\u00e9lection de [&hellip;]","og_url":"https:\/\/font-romeu.fr\/en\/shops_services\/la-ferme-des-lloses-2\/","og_site_name":"Font-Romeu","article_modified_time":"2025-11-25T10:39:20+00:00","og_image":[{"width":2048,"height":2560,"url":"https:\/\/font-romeu.fr\/wp-content\/uploads\/2021\/10\/ferme-des-lloses.jpg","type":"image\/jpeg"}],"twitter_card":"summary_large_image","twitter_misc":{"Est. reading time":"1 minute"},"schema":{"@context":"https:\/\/schema.org","@graph":[{"@type":"WebPage","@id":"https:\/\/font-romeu.fr\/en\/shops_services\/la-ferme-des-lloses-2\/","url":"https:\/\/font-romeu.fr\/en\/shops_services\/la-ferme-des-lloses-2\/","name":"LA FERME DES LLOSES - Font-Romeu","isPartOf":{"@id":"https:\/\/font-romeu.fr\/en\/#website"},"primaryImageOfPage":{"@id":"https:\/\/font-romeu.fr\/en\/shops_services\/la-ferme-des-lloses-2\/#primaryimage"},"image":{"@id":"https:\/\/font-romeu.fr\/en\/shops_services\/la-ferme-des-lloses-2\/#primaryimage"},"thumbnailUrl":"https:\/\/font-romeu.fr\/wp-content\/uploads\/2021\/10\/ferme-des-lloses.jpg","datePublished":"2021-10-27T14:05:00+00:00","dateModified":"2025-11-25T10:39:20+00:00","breadcrumb":{"@id":"https:\/\/font-romeu.fr\/en\/shops_services\/la-ferme-des-lloses-2\/#breadcrumb"},"inLanguage":"en-US","potentialAction":[{"@type":"ReadAction","target":["https:\/\/font-romeu.fr\/en\/shops_services\/la-ferme-des-lloses-2\/"]}]},{"@type":"ImageObject","inLanguage":"en-US","@id":"https:\/\/font-romeu.fr\/en\/shops_services\/la-ferme-des-lloses-2\/#primaryimage","url":"https:\/\/font-romeu.fr\/wp-content\/uploads\/2021\/10\/ferme-des-lloses.jpg","contentUrl":"https:\/\/font-romeu.fr\/wp-content\/uploads\/2021\/10\/ferme-des-lloses.jpg","width":2048,"height":2560},{"@type":"BreadcrumbList","@id":"https:\/\/font-romeu.fr\/en\/shops_services\/la-ferme-des-lloses-2\/#breadcrumb","itemListElement":[{"@type":"ListItem","position":1,"name":"Accueil","item":"https:\/\/font-romeu.fr\/en\/"},{"@type":"ListItem","position":2,"name":"LA FERME DES LLOSES"}]},{"@type":"WebSite","@id":"https:\/\/font-romeu.fr\/en\/#website","url":"https:\/\/font-romeu.fr\/en\/","name":"Font-romeu","description":"Changez d&#039;altitude","publisher":{"@id":"https:\/\/font-romeu.fr\/en\/#organization"},"potentialAction":[{"@type":"SearchAction","target":{"@type":"EntryPoint","urlTemplate":"https:\/\/font-romeu.fr\/en\/?s={search_term_string}"},"query-input":{"@type":"PropertyValueSpecification","valueRequired":true,"valueName":"search_term_string"}}],"inLanguage":"en-US"},{"@type":"Organization","@id":"https:\/\/font-romeu.fr\/en\/#organization","name":"Office de Tourisme de Font-Romeu","url":"https:\/\/font-romeu.fr\/en\/","logo":{"@type":"ImageObject","inLanguage":"en-US","@id":"https:\/\/font-romeu.fr\/en\/#\/schema\/logo\/image\/","url":"https:\/\/font-romeu.fr\/wp-content\/uploads\/2021\/11\/LogoFontRomeu_orange-1.svg","contentUrl":"https:\/\/font-romeu.fr\/wp-content\/uploads\/2021\/11\/LogoFontRomeu_orange-1.svg","width":1,"height":1,"caption":"Office de Tourisme de Font-Romeu"},"image":{"@id":"https:\/\/font-romeu.fr\/en\/#\/schema\/logo\/image\/"},"sameAs":["https:\/\/www.instagram.com\/stationfontromeu\/"]}]}},"_links":{"self":[{"href":"https:\/\/font-romeu.fr\/en\/wp-json\/wp\/v2\/commerces_services\/15348","targetHints":{"allow":["GET"]}}],"collection":[{"href":"https:\/\/font-romeu.fr\/en\/wp-json\/wp\/v2\/commerces_services"}],"about":[{"href":"https:\/\/font-romeu.fr\/en\/wp-json\/wp\/v2\/types\/commerces_services"}],"version-history":[{"count":2,"href":"https:\/\/font-romeu.fr\/en\/wp-json\/wp\/v2\/commerces_services\/15348\/revisions"}],"predecessor-version":[{"id":33868,"href":"https:\/\/font-romeu.fr\/en\/wp-json\/wp\/v2\/commerces_services\/15348\/revisions\/33868"}],"wp:featuredmedia":[{"embeddable":true,"href":"https:\/\/font-romeu.fr\/en\/wp-json\/wp\/v2\/media\/24132"}],"wp:attachment":[{"href":"https:\/\/font-romeu.fr\/en\/wp-json\/wp\/v2\/media?parent=15348"}],"wp:term":[{"taxonomy":"type_commerces_services","embeddable":true,"href":"https:\/\/font-romeu.fr\/en\/wp-json\/wp\/v2\/type_commerces_services?post=15348"},{"taxonomy":"categories_commerces_services","embeddable":true,"href":"https:\/\/font-romeu.fr\/en\/wp-json\/wp\/v2\/categories_commerces_services?post=15348"},{"taxonomy":"saisons","embeddable":true,"href":"https:\/\/font-romeu.fr\/en\/wp-json\/wp\/v2\/saisons?post=15348"}],"curies":[{"name":"wp","href":"https:\/\/api.w.org\/{rel}","templated":true}]}}

<ul>
<li>Belle cave régionale avec quelques coup de cœur des autres régions de France. Sélection de bières régionales artisanales. Verrerie et articles autour du vin.</li>
<li>Plus de 200 références de vins de vignerons indépendants, Bio &#8211; Biodynamie &#8211; Nature &#8211; Conventionnel. Belle cave régionale avec quelques coups de coeur des autres régions de France. Sélection de bières régionales artisanales. Verrerie et articles autour du vin.</li>
<li>Autour d’une planche de fromages fermiers ou artisanaux et/ou de charcuterie artisanale.</li>
<li>Fromagerie : Fromager affineur, sélection de fromages des Pyrénées et aussi les meilleurs fromages AOP de France et d&#8217;Europe. Tous ces fromages font l&#8217;objet du plus grand soin dans nos caves d&#8217;affinage.</li>
<li>Épicerie Bio &amp; Fine : Fruits et légumes en provenance dès que possible du département en agriculture biologique. Conserves locales et/ou biologiques, miels locaux uniquement, charcuteries sélectionnées parmi les meilleures d&#8217;Europe.</li>
</ul>

<!-- This site is optimized with the Yoast SEO plugin v27.3 - https://yoast.com/product/yoast-seo-wordpress/ -->
<title>LA FERME DES LLOSES - Font-Romeu</title>
<meta name="robots" content="index, follow, max-snippet:-1, max-image-preview:large, max-video-preview:-1" />
<link rel="canonical" href="https://font-romeu.fr/en/shops_services/la-ferme-des-lloses-2/" />
<meta property="og:locale" content="en_US" />
<meta property="og:type" content="article" />
<meta property="og:title" content="LA FERME DES LLOSES - Font-Romeu" />
<meta property="og:description" content="Belle cave régionale avec quelques coup de cœur des autres régions de France. Sélection de bières régionales artisanales. Verrerie et articles autour du vin. Plus de 200 références de vins de vignerons indépendants, Bio &#8211; Biodynamie &#8211; Nature &#8211; Conventionnel. Belle cave régionale avec quelques coups de coeur des autres régions de France. Sélection de [&hellip;]" />
<meta property="og:url" content="https://font-romeu.fr/en/shops_services/la-ferme-des-lloses-2/" />
<meta property="og:site_name" content="Font-Romeu" />
<meta property="article:modified_time" content="2025-11-25T10:39:20+00:00" />
<meta property="og:image" content="https://font-romeu.fr/wp-content/uploads/2021/10/ferme-des-lloses.jpg" />
	<meta property="og:image:width" content="2048" />
	<meta property="og:image:height" content="2560" />
	<meta property="og:image:type" content="image/jpeg" />
<meta name="twitter:card" content="summary_large_image" />
<meta name="twitter:label1" content="Est. reading time" />
	<meta name="twitter:data1" content="1 minute" />
<script type="application/ld+json" class="yoast-schema-graph">{"@context":"https:\/\/schema.org","@graph":[{"@type":"WebPage","@id":"https:\/\/font-romeu.fr\/en\/shops_services\/la-ferme-des-lloses-2\/","url":"https:\/\/font-romeu.fr\/en\/shops_services\/la-ferme-des-lloses-2\/","name":"LA FERME DES LLOSES - Font-Romeu","isPartOf":{"@id":"https:\/\/font-romeu.fr\/en\/#website"},"primaryImageOfPage":{"@id":"https:\/\/font-romeu.fr\/en\/shops_services\/la-ferme-des-lloses-2\/#primaryimage"},"image":{"@id":"https:\/\/font-romeu.fr\/en\/shops_services\/la-ferme-des-lloses-2\/#primaryimage"},"thumbnailUrl":"https:\/\/font-romeu.fr\/wp-content\/uploads\/2021\/10\/ferme-des-lloses.jpg","datePublished":"2021-10-27T14:05:00+00:00","dateModified":"2025-11-25T10:39:20+00:00","breadcrumb":{"@id":"https:\/\/font-romeu.fr\/en\/shops_services\/la-ferme-des-lloses-2\/#breadcrumb"},"inLanguage":"en-US","potentialAction":[{"@type":"ReadAction","target":["https:\/\/font-romeu.fr\/en\/shops_services\/la-ferme-des-lloses-2\/"]}]},{"@type":"ImageObject","inLanguage":"en-US","@id":"https:\/\/font-romeu.fr\/en\/shops_services\/la-ferme-des-lloses-2\/#primaryimage","url":"https:\/\/font-romeu.fr\/wp-content\/uploads\/2021\/10\/ferme-des-lloses.jpg","contentUrl":"https:\/\/font-romeu.fr\/wp-content\/uploads\/2021\/10\/ferme-des-lloses.jpg","width":2048,"height":2560},{"@type":"BreadcrumbList","@id":"https:\/\/font-romeu.fr\/en\/shops_services\/la-ferme-des-lloses-2\/#breadcrumb","itemListElement":[{"@type":"ListItem","position":1,"name":"Accueil","item":"https:\/\/font-romeu.fr\/en\/"},{"@type":"ListItem","position":2,"name":"LA FERME DES LLOSES"}]},{"@type":"WebSite","@id":"https:\/\/font-romeu.fr\/en\/#website","url":"https:\/\/font-romeu.fr\/en\/","name":"Font-romeu","description":"Changez d&#039;altitude","publisher":{"@id":"https:\/\/font-romeu.fr\/en\/#organization"},"potentialAction":[{"@type":"SearchAction","target":{"@type":"EntryPoint","urlTemplate":"https:\/\/font-romeu.fr\/en\/?s={search_term_string}"},"query-input":{"@type":"PropertyValueSpecification","valueRequired":true,"valueName":"search_term_string"}}],"inLanguage":"en-US"},{"@type":"Organization","@id":"https:\/\/font-romeu.fr\/en\/#organization","name":"Office de Tourisme de Font-Romeu","url":"https:\/\/font-romeu.fr\/en\/","logo":{"@type":"ImageObject","inLanguage":"en-US","@id":"https:\/\/font-romeu.fr\/en\/#\/schema\/logo\/image\/","url":"https:\/\/font-romeu.fr\/wp-content\/uploads\/2021\/11\/LogoFontRomeu_orange-1.svg","contentUrl":"https:\/\/font-romeu.fr\/wp-content\/uploads\/2021\/11\/LogoFontRomeu_orange-1.svg","width":1,"height":1,"caption":"Office de Tourisme de Font-Romeu"},"image":{"@id":"https:\/\/font-romeu.fr\/en\/#\/schema\/logo\/image\/"},"sameAs":["https:\/\/www.instagram.com\/stationfontromeu\/"]}]}</script>
<!-- / Yoast SEO plugin. -->

Belle cave régionale avec quelques coup de cœur des autres régions de France. Sélection de bières régionales artisanales. Verrerie et articles autour du vin. Plus de 200 références de vins de vignerons indépendants, Bio &#8211; Biodynamie &#8211; Nature &#8211; Conventionnel. Belle cave régionale avec quelques coups de coeur des autres régions de France. Sélection de [&hellip;]
